{"id":148,"date":"2017-09-25T04:52:07","date_gmt":"2017-09-25T04:52:07","guid":{"rendered":"http:\/\/demo.wphash.com\/nightery\/?page_id=148"},"modified":"2024-09-23T14:28:48","modified_gmt":"2024-09-23T14:28:48","slug":"contactos","status":"publish","type":"page","link":"https:\/\/www.life-club.com\/site\/contactos\/","title":{"rendered":"Contactos"},"content":{"rendered":"<p><section data-kc-fullwidth=\"content\" class=\"kc-elm kc-css-541218 kc_row\"><div class=\"kc-row-container\"><div class=\"kc-wrap-columns\"><div class=\"kc-elm kc-css-253251 kc_col-sm-8 kc_column kc_col-sm-8\"><div class=\"kc-col-container\"><div class=\"kc-elm kc-css-718520 kc_google_maps kc_shortcode\" data-wheel=\"disable\"><div style=\"height: 505px\" class=\"kc-google-maps\"><iframe src=\"https:\/\/www.google.com\/maps\/embed?pb=!1m18!1m12!1m3!1d10105.775157258635!2d-8.624877212577154!3d41.146266207466105!2m3!1f0!2f0!3f0!3m2!1i1024!2i768!4f13.1!3m3!1m2!1s0xd2465d2b54e17ed%3A0x9f46e3a62c89eb4c!2sLife%20Strip%20Club%20-%20Melhor%20Club%20de%20Strip!5e0!3m2!1spt-PT!2spt!4v1725968877322!5m2!1spt-PT!2spt\" width=\"100%\" height=\"505\" style=\"border:0;\" allowfullscreen=\"\" loading=\"lazy\" referrerpolicy=\"no-referrer-when-downgrade\"><\/iframe><\/div><\/div><\/div><\/div><div class=\"kc-elm kc-css-730637 kc_col-sm-4 kc_column kc_col-sm-4\"><div class=\"kc-col-container\"><div class=\"kc-elm kc-css-982822 kc_shortcode kc_single_image\">\n\n        <a  href=\"https:\/\/www.google.com\/maps\/place\/Gentleman+Club+Porto+-+Strip+Club\/@41.1471572,-8.6141112,19z\/data=!3m1!4b1!4m6!3m5!1s0xd2465375a5ef9eb:0x5a0a631d202721ae!8m2!3d41.1471572!4d-8.6134675!16s\/g\/11rd7rt4nb?hl=pt-PT&amp;entry=ttu&amp;g_ep=EgoyMDI0MDkwNC4wIKXMDSoASAFQAw==\" title=\"VER MAPA GOOGLE\" target=\"_blank\">\n        <img src=\"https:\/\/www.life-club.com\/site\/wp-content\/uploads\/2024\/09\/002.jpg\" class=\"\" alt=\"\" \/><div class=\"kc-image-overlay\"><i class=\"et-map\"><\/i><\/div>    <\/a>\n    <\/div>\n<div class=\"kc-elm kc-css-757201 kc_text_block\"><\/p>\n<p style=\"text-align: center;\">Morada:<br \/>\nR. Conde de Vizela 100 ( GALERIAS )<br \/>\n4050-639 PORTO Portugal<\/p>\n<p style=\"text-align: center;\">Telefone: 220189813<br \/>\n(Chamada para a rede fixa nacional)<br \/>\nTelefone: <a href=\"https:\/\/api.whatsapp.com\/send?phone=351936221360\"><img decoding=\"async\" src=\"https:\/\/www.life-club.com\/site\/wp-content\/uploads\/2024\/09\/up_100.png\" width=\"25\" >+351 936 221 360 <\/a><br \/>\n(Chamada para a rede m\u00f3vel nacional)<br \/>\nE-mail:<a href=\"mailto:geral@life-club.com\">geral@life-club.com<\/a><\/p>\n<p>\n<\/div><\/div><\/div><\/div><\/div><\/section><section class=\"kc-elm kc-css-406266 kc_row\"><div class=\"kc-row-container  kc-container\"><div class=\"kc-wrap-columns\"><div class=\"kc-elm kc-css-229773 kc_col-sm-12 kc_column kc_col-sm-12\"><div class=\"kc-col-container\"><div class=\"kc-elm kc-css-374128\" style=\"height: 101px; clear: both; width:100%;\"><\/div><div class=\"kc-contact-form7 kc-elm kc-css-975994\"><h2>DEIXE MENSAGEM<\/h2>\n<div class=\"wpcf7 no-js\" id=\"wpcf7-f147-o1\" lang=\"en-US\" dir=\"ltr\">\n<div class=\"screen-reader-response\"><p role=\"status\" aria-live=\"polite\" aria-atomic=\"true\"><\/p> <ul><\/ul><\/div>\n<form action=\"\/site\/wp-json\/wp\/v2\/pages\/148#wpcf7-f147-o1\" method=\"post\" class=\"wpcf7-form init\" aria-label=\"Contact form\" novalidate=\"novalidate\" data-status=\"init\">\n<div style=\"display: none;\">\n<input type=\"hidden\" name=\"_wpcf7\" value=\"147\" \/>\n<input type=\"hidden\" name=\"_wpcf7_version\" value=\"5.9.8\" \/>\n<input type=\"hidden\" name=\"_wpcf7_locale\" value=\"en_US\" \/>\n<input type=\"hidden\" name=\"_wpcf7_unit_tag\" value=\"wpcf7-f147-o1\" \/>\n<input type=\"hidden\" name=\"_wpcf7_container_post\" value=\"0\" \/>\n<input type=\"hidden\" name=\"_wpcf7_posted_data_hash\" value=\"\" \/>\n<input type=\"hidden\" name=\"_wpcf7_recaptcha_response\" value=\"\" \/>\n<\/div>\n<div class=\"row\">\n\t<ul class=\"contact-form\">\n\t\t<li class=\"col-xs-12 col-sm-6\">\n\t\t\t<div class=\"form-group\">\n\t\t\t\t<div class=\"input-group\">\n\t\t\t\t\t<p><span class=\"wpcf7-form-control-wrap\" data-name=\"text-988\"><input size=\"40\" maxlength=\"400\" class=\"wpcf7-form-control wpcf7-text wpcf7-validates-as-required form-control\" id=\"name\" aria-required=\"true\" aria-invalid=\"false\" placeholder=\"Nome *\" value=\"\" type=\"text\" name=\"text-988\" \/><\/span>\n\t\t\t\t\t<\/p>\n\t\t\t\t<\/div>\n\t\t\t<\/div>\n\t\t<\/li>\n\t\t<li class=\"col-xs-12 col-sm-6\">\n\t\t\t<div class=\"form-group\">\n\t\t\t\t<div class=\"input-group\">\n\t\t\t\t\t<p><span class=\"wpcf7-form-control-wrap\" data-name=\"number-375\"><input class=\"wpcf7-form-control wpcf7-number wpcf7-validates-as-number form-control\" id=\"phone\" aria-invalid=\"false\" placeholder=\"Telefone\" value=\"\" type=\"number\" name=\"number-375\" \/><\/span>\n\t\t\t\t\t<\/p>\n\t\t\t\t<\/div>\n\t\t\t<\/div>\n\t\t<\/li>\n\t\t<li class=\"col-xs-12 col-sm-6\">\n\t\t\t<div class=\"form-group\">\n\t\t\t\t<div class=\"input-group\">\n\t\t\t\t\t<p><span class=\"wpcf7-form-control-wrap\" data-name=\"email-859\"><input size=\"40\" maxlength=\"400\" class=\"wpcf7-form-control wpcf7-email wpcf7-validates-as-required wpcf7-text wpcf7-validates-as-email form-control\" id=\"email\" aria-required=\"true\" aria-invalid=\"false\" placeholder=\"Email\" value=\"\" type=\"email\" name=\"email-859\" \/><\/span>\n\t\t\t\t\t<\/p>\n\t\t\t\t<\/div>\n\t\t\t<\/div>\n\t\t<\/li>\n\t\t<li class=\"col-xs-12 col-sm-6\">\n\t\t\t<div class=\"form-group\">\n\t\t\t\t<div class=\"input-group mn\">\n\t\t\t\t\t<p><span class=\"wpcf7-form-control-wrap\" data-name=\"textarea-52\"><textarea cols=\"40\" rows=\"10\" maxlength=\"2000\" class=\"wpcf7-form-control wpcf7-textarea form-control\" aria-invalid=\"false\" placeholder=\"Mensagem\" name=\"textarea-52\"><\/textarea><\/span>\n\t\t\t\t\t<\/p>\n\t\t\t\t<\/div>\n\t\t\t<\/div>\n\t\t<\/li>\n\t\t<li class=\"col-xs-12 col-sm-6\">\n\t\t\t<p><span class=\"wpcf7-form-control-wrap\" data-name=\"politica\"><span class=\"wpcf7-form-control wpcf7-acceptance\"><span class=\"wpcf7-list-item\"><label><input type=\"checkbox\" name=\"politica\" value=\"1\" aria-invalid=\"false\" \/><span class=\"wpcf7-list-item-label\">Aceitar <a href=\"https:\/\/www.life-club.com\/site\/politica-privacidade\/\" target=\"_blank\" >Politica de Privacidade<\/a><\/span><\/label><\/span><\/span><\/span><br \/>\n<input class=\"wpcf7-form-control wpcf7-submit has-spinner btn btn-default btn-submit\" type=\"submit\" value=\"ENVIAR\" \/>\n\t\t\t<\/p>\n\t\t<\/li>\n\t<\/ul>\n<\/div><div class=\"wpcf7-response-output\" aria-hidden=\"true\"><\/div>\n<\/form>\n<\/div>\n<\/div><div class=\"kc-elm kc-css-62441\" style=\"height: 101px; clear: both; width:100%;\"><\/div><\/div><\/div><\/div><\/div><\/section><section class=\"kc-elm kc-css-461593 kc_row\"><div class=\"kc-row-container  kc-container\"><div class=\"kc-wrap-columns\"><div class=\"kc-elm kc-css-464044 kc_col-sm-12 kc_column kc_col-sm-12\"><div class=\"kc-col-container\"><div class=\"kc-elm kc-css-247069 kc_text_block\"><\/p>\n<p><span style=\"font-size: 12pt;\">Venha divertir-se na melhor companhia! Conhe\u00e7a o Life Club e passe noites fant\u00e1sticas rodeado de belas mulheres. Com presen\u00e7a no Porto , j\u00e1 n\u00e3o tem desculpas para n\u00e3o se deixar envolver neste ambiente quente e sensual . Descubra novas sensa\u00e7\u00f5es e passe noites de memor\u00e1veis no Life Club.<\/span><\/p>\n<p><strong><span style=\"font-size: 12pt;\">Hor\u00e1rio de Funcionamento:<\/span><\/strong><\/p>\n<p><strong>Segunda a Domingo (Galerias):<\/strong> das 23h \u00e0s 05h<\/p>\n<p><span style=\"font-size: 12pt;\"><strong>Aberto V\u00e9speras de Feriados<\/strong><\/span><\/p>\n<p><span style=\"font-size: 12pt;\">\u00a0<\/span><\/p>\n<p><a href=\"https:\/\/www.google.pt\/maps\/place\/Life+Strip+Club+-+Melhor+Club+de+Strip\/@41.1471145,-8.6135296,3a,75y,35.91h,98.93t\/data=!3m7!1e1!3m5!1sKEOuVUClQqoaCnivKuVyAA!2e0!6shttps:%2F%2Fstreetviewpixels-pa.googleapis.com%2Fv1%2Fthumbnail%3Fcb_client%3Dmaps_sv.tactile%26w%3D900%26h%3D600%26pitch%3D-8.93046743135875%26panoid%3DKEOuVUClQqoaCnivKuVyAA%26yaw%3D35.912391504043214!7i16384!8i8192!4m15!1m8!3m7!1s0xd2465d2b54e17ed:0x9f46e3a62c89eb4c!2sLife+Strip+Club+-+Melhor+Club+de+Strip!8m2!3d41.1470949!4d-8.6133403!10e5!16s%2Fg%2F11khtjtxgg!3m5!1s0xd2465d2b54e17ed:0x9f46e3a62c89eb4c!8m2!3d41.1470949!4d-8.6133403!16s%2Fg%2F11khtjtxgg?coh=205410&#038;entry=ttu&#038;g_ep=EgoyMDI0MDkwNC4wIKXMDSoASAFQAw%3D%3D\" target=\"_blank\" rel=\"noopener noreferrer\"><span style=\"font-size: 12pt;\">Ver Life Strip Club num mapa maior<\/span><\/a><\/p>\n<p>\n<\/div><\/div><\/div><\/div><\/div><\/section><\/p>\n","protected":false},"excerpt":{"rendered":"","protected":false},"author":1,"featured_media":0,"parent":0,"menu_order":0,"comment_status":"closed","ping_status":"closed","template":"","meta":{"ngg_post_thumbnail":0,"footnotes":""},"_links":{"self":[{"href":"https:\/\/www.life-club.com\/site\/wp-json\/wp\/v2\/pages\/148"}],"collection":[{"href":"https:\/\/www.life-club.com\/site\/wp-json\/wp\/v2\/pages"}],"about":[{"href":"https:\/\/www.life-club.com\/site\/wp-json\/wp\/v2\/types\/page"}],"author":[{"embeddable":true,"href":"https:\/\/www.life-club.com\/site\/wp-json\/wp\/v2\/users\/1"}],"replies":[{"embeddable":true,"href":"https:\/\/www.life-club.com\/site\/wp-json\/wp\/v2\/comments?post=148"}],"version-history":[{"count":58,"href":"https:\/\/www.life-club.com\/site\/wp-json\/wp\/v2\/pages\/148\/revisions"}],"predecessor-version":[{"id":6036,"href":"https:\/\/www.life-club.com\/site\/wp-json\/wp\/v2\/pages\/148\/revisions\/6036"}],"wp:attachment":[{"href":"https:\/\/www.life-club.com\/site\/wp-json\/wp\/v2\/media?parent=148"}],"curies":[{"name":"wp","href":"https:\/\/api.w.org\/{rel}","templated":true}]}}