{"id":457,"date":"2019-07-22T14:13:14","date_gmt":"2019-07-22T14:13:14","guid":{"rendered":"https:\/\/www.life-club.com\/site\/?page_id=457"},"modified":"2019-07-22T16:39:45","modified_gmt":"2019-07-22T16:39:45","slug":"aprende-striptease","status":"publish","type":"page","link":"https:\/\/www.life-club.com\/site\/aprende-striptease\/","title":{"rendered":"Aprende Striptease"},"content":{"rendered":"<section class=\"kc-elm kc-css-481495 kc_row\"><div class=\"kc-row-container  kc-container\"><div class=\"kc-wrap-columns\"><div class=\"kc-elm kc-css-79492 kc_column kc_col-sm-12\"><div class=\"kc-col-container\"><div class=\"kc-elm kc-css-623877 kc_text_block\"><\/p>\n<div class=\"item_header\">\n<h3 class=\"item_title\"><span class=\"item_title_part0\">APRENDE<\/span> <span class=\"item_title_part1\">A<\/span> <span class=\"item_title_part2\">FAZER<\/span> <span class=\"item_title_part3\">STRIPTEASE<\/span><\/h3>\n<div class=\"item_fulltext\">\n<p>V\u00ea como se fazer os movimentos b\u00e1sicos ou avan\u00e7ados do POLL DANCE<\/p>\n<p>V\u00ea alguns dos v\u00eddeos que salientamos, para agu\u00e7ar o apetite.<\/p>\n<p>O Pull Dance mais do que uma dan\u00e7a ex\u00f3tica tem tamb\u00e9m algumas caracter\u00edsticas que ajudam a trabalhar o corpo e a torna-lo mais torneado e esbelto, usado como exerc\u00edcio em muitos gin\u00e1sios como o desporto que melhor revitaliza o corpo, deixamos-te alguns v\u00eddeos que d\u00e3o dicas, e outros de profissionais.<\/p>\n<p>Se tens curiosidade&#8230; se gostavas de praticar&#8230; se gostavas de experimentar&#8230; Contacta-nos para mais informa\u00e7\u00f5es pelo mail: <a href=\"mailto:geral@life-club.com\">geral@life-club.com<\/a><\/p>\n<p><center><iframe loading=\"lazy\" src=\"https:\/\/www.youtube.com\/embed\/msy7TtyAVIc\" width=\"560\" height=\"315\" frameborder=\"0\" allowfullscreen=\"allowfullscreen\" data-mce-fragment=\"1\"><\/iframe>\u00a0\u00a0<iframe loading=\"lazy\" src=\"https:\/\/www.youtube.com\/embed\/yPugqu5xZdg\" width=\"560\" height=\"315\" frameborder=\"0\" allowfullscreen=\"allowfullscreen\" data-mce-fragment=\"1\"><\/iframe> <iframe loading=\"lazy\" src=\"https:\/\/www.youtube.com\/embed\/GM5zBOVwYlI\" width=\"560\" height=\"315\" frameborder=\"0\" allowfullscreen=\"allowfullscreen\" data-mce-fragment=\"1\"><\/iframe> <iframe loading=\"lazy\" src=\"https:\/\/www.youtube.com\/embed\/4ArHjQrz81w\" width=\"560\" height=\"315\" frameborder=\"0\" allowfullscreen=\"allowfullscreen\" data-mce-fragment=\"1\"><\/iframe> <iframe loading=\"lazy\" src=\"https:\/\/www.youtube.com\/embed\/xbzLJRygR5k\" width=\"560\" height=\"315\" frameborder=\"0\" allowfullscreen=\"allowfullscreen\" data-mce-fragment=\"1\"><\/iframe><\/center><\/div>\n<\/div>\n<p>\n<\/div><\/div><\/div><\/div><\/div><\/section>\n","protected":false},"excerpt":{"rendered":"","protected":false},"author":1,"featured_media":0,"parent":0,"menu_order":0,"comment_status":"closed","ping_status":"closed","template":"page-right-sidebar.php","meta":{"ngg_post_thumbnail":0,"footnotes":""},"_links":{"self":[{"href":"https:\/\/www.life-club.com\/site\/wp-json\/wp\/v2\/pages\/457"}],"collection":[{"href":"https:\/\/www.life-club.com\/site\/wp-json\/wp\/v2\/pages"}],"about":[{"href":"https:\/\/www.life-club.com\/site\/wp-json\/wp\/v2\/types\/page"}],"author":[{"embeddable":true,"href":"https:\/\/www.life-club.com\/site\/wp-json\/wp\/v2\/users\/1"}],"replies":[{"embeddable":true,"href":"https:\/\/www.life-club.com\/site\/wp-json\/wp\/v2\/comments?post=457"}],"version-history":[{"count":5,"href":"https:\/\/www.life-club.com\/site\/wp-json\/wp\/v2\/pages\/457\/revisions"}],"predecessor-version":[{"id":471,"href":"https:\/\/www.life-club.com\/site\/wp-json\/wp\/v2\/pages\/457\/revisions\/471"}],"wp:attachment":[{"href":"https:\/\/www.life-club.com\/site\/wp-json\/wp\/v2\/media?parent=457"}],"curies":[{"name":"wp","href":"https:\/\/api.w.org\/{rel}","templated":true}]}}